-30)). Let w(z) = -11*z + 1. What is w(o)?
-10
Let u(t) = -t**2 + 3*t - 5. Let s be u(4). Let i be ((-3)/s)/(3/(-18)). Let l(j) = -5*j. Let f(n) = 9*n - 1. Let x(m) = 2*f(m) + 5*l(m). Determine x(i).
12
Let n(v) be the third derivative of v**5/60 - 11*v**4/24 + 19*v**3/6 + 179*v**2. Determine n(10).
9
Let w(m) be the second derivative of -m**4/12 + m**3/2 + 6*m**2 + 27*m - 1. What is w(5)?
2
Let k(z) = 1 - 2 + z + 4 + 1 + 2. Let v(b) = b**3 - 7*b**2 + 4*b + 7. Let y be v(6). Calculate k(y).
1
Let i(f) be the third derivative of -9*f**2 - 1/8*f**4 + 0*f - 1/120*f**6 + 1/30*f**5 + 1/6*f**3 + 0. Calculate i(3).
-17
Let b(x) = 40*x - 41*x - 8*x**3 - 5 - x**2 + 2 - 5*x**3. Let n(z) = 7*z**3 + 2. Let g(u) = -6*b(u) - 11*n(u). What is g(-5)?
-9
Let y(r) = r + 6. Suppose 0 = -12*i + 13*i - 2. Let t be 1 + (-2)/(8/12) + i. Determine y(t).
6
Let i(n) = -52*n + 13*n + 9*n + 11*n + n**2 + 10*n. Determine i(8).
-8
Let g be (0 + 1)*-1*-5. Suppose -9 = -g*f + 16. Let u(a) = -1 - 3*a + 0 + a**2 - 5. What is u(f)?
4
Let x = -10 - -12. Suppose k - 1 = x. Suppose -2*a + h - 13 = -4, 0 = a - k*h + 2. Let i(s) = s**2 + 3*s - 7. Give i(a).
3
Let x = -38 + 38. Let n = 2 - x. Let z(i) = i**3 - 5*i**2 + 3*i - 3. Calculate z(n).
-9
Let q(x) be the second derivative of x**5/20 + 23*x**4/12 + 23*x**3/6 + 11*x**2 + 405*x. Determine q(-22).
0
Let h(f) = 2*f**2 + 12*f + 7. Let b(c) = 5*c**2 + 26*c + 15. Let m(u) = -3*b(u) + 7*h(u). Calculate m(8).
-12
Let l = -1 - -4. Let g = 0 + l. Let z(u) = -7 + 2 + 3*u**2 + u + 0*u**2 - u**g + 3*u**2. Determine z(6).
1
Let f(o) = o**2 - 14*o + 17. Suppose 56*j + 84 = 63*j. What is f(j)?
-7
Let r be (2/60*3)/(1/5). Let p(i) be the first derivative of 4 - r*i**2 - i. Determine p(-4).
3
Let v(a) = a**2 - 30*a + 74. Let l be v(27). Let d(b) = 4*b + 16. Determine d(l).
-12
Let u(q) be the third derivative of -q**6/120 - 3*q**5/10 - 3*q**4/4 - 17*q**3/6 - 141*q**2. What is u(-17)?
0
Let h be ((-122)/4)/((-4)/8). Let p(b) = 123*b**2 + 2*b + b**3 + 6 - h*b**2 - 56*b**2. Determine p(-6).
-6
Let g be 6*(-1*1 - -2). Let w(a) = 39 - 3*a - 20 + 4*a**2 - 2*a - 3*a**2 - 24. Determine w(g).
1
Suppose -2*j + 5*j = 0. Suppose -5*u - 8 + 28 = j. Suppose -4*t - 3*l - 15 = 0, -t + 6 = -u*t - 4*l. Let s(k) = k**2 + 7*k + 7. Determine s(t).
1
Let a(b) = 4*b - 12. Let c(i) = -10*i + 185. Let x be c(19). What is a(x)?
-32
Let f(t) be the second derivative of 3*t**4/4 + t**3/2 + t**2 + 18*t. Let q(a) = 4*a**2 + 2*a + 1. Let w(o) = 3*f(o) - 7*q(o). Determine w(-2).
5
Let l(z) = -z**3 - 4*z**2 + z - 10. Let y be l(-5). Suppose -y = 6*s - 11*s. Let g(j) = -2*j**s + 4*j**2 + 0 - 4*j + 0 + 4. What is g(3)?
10
Suppose -3*v + d - 18 = 3*d, 3*v - 2*d = -18. Let u(b) = 3*b**2 + 8*b - b**2 + 2*b**2 - 3*b**2. Calculate u(v).
-12
Let l(n) = -2 - 6*n**3 - 7*n**3 + 12*n**3 + 0 - 4*n**2 - n**2 + 5*n. Determine l(-6).
4
Let t = -4 - -10. Let l(j) = 0 - j**3 - 2 - 2 + 7*j + 10*j**2 - t*j**2. Suppose -12 - 3 = -3*d. Give l(d).
6
Let z(d) = d + 4. Let t(p) = p - 7. Let o be t(10). Suppose -x = -o*j + 7, 2*x + 0 = j - 4. Let q = j - 6. What is z(q)?
0
Suppose -3*z + 3*j - 15 = 0, 5*z + 2 + 7 = -3*j. Let i(p) = -4*p + 1. Let s(l) = 5*l - 2. Let b(c) = z*s(c) - 4*i(c). Let n = -202 + 199. Give b(n).
-1
Let f = -54 + 56. Let h(v) = v**3 - 5*v - 4*v**2 + 0*v**2 - f*v**3 + 4*v. What is h(-4)?
4
Let q(k) = -2*k**2 + k - 1. Let h(b) = b**2 - 4*b + 4. Let t(r) = h(r) + q(r). What is t(-7)?
-25
Let i(d) = -19*d + 13. Let u(c) = 3*c - 2. Let k(m) = -i(m) - 6*u(m). Determine k(5).
4
Let d = -23 - -3. Let j = -50 - d. Let z be 9/(-6)*j/(-9). Let x(v) = v**3 + 5*v**2 - 3*v - 5. What is x(z)?
10
Let i(n) = -4*n**2 - 2*n. Let y be ((-30)/(-25))/((-4)/10). Give i(y).
-30
Let r(p) = 3*p**3 + 13*p**2 + 7*p - 9. Suppose -2*l = -4, -4*l + 63 = 3*b + 2*b. Let n(m) = -m**3 - 7*m**2 - 4*m + 5. Let u(v) = b*n(v) + 6*r(v). What is u(1)?
7
Let w be (10/25)/((-3)/(-15)). Let a(j) = -j + 2. Let i be a(-1). Let h be 18/i - 2 - w. Let d(x) = 2*x. Determine d(h).
4
Let o(k) = 22*k + 21. Let q(r) = -59*r - 63. Let c(m) = -8*o(m) - 3*q(m). Calculate c(-13).
8
Let u(b) = b**3 + 11*b**2 + 4. Let y be u(-11). Suppose -g - g + y = 0. Let s(t) = 0*t**2 - 4*t + 9*t - t**g + t. What is s(5)?
5
Let j(r) = r**3 - 6*r**2 + r - 7. Let n = -11 + 19. Suppose 6*q + 54 = n*q. Let x = q - 21. What is j(x)?
-1
Let l(t) be the first derivative of 4*t**3/3 - t**2/2 - 2*t + 7. Let q = -10 - -12. What is l(q)?
12
Let t(w) be the first derivative of -w**4/4 + w**3 - 3*w**2/2 + 3*w + 233. Suppose 0 = -5*u + 16 - 6. Let j = u + 1. Give t(j).
-6
Let d = 222 - 228. Let z(w) be the second derivative of w**4/12 - 7*w**3/6 - 2*w**2 - w. Let r(t) = 4*t**2 - 22*t - 12. Let i(p) = 2*r(p) - 7*z(p). Give i(d).
10
Suppose -1 = -3*c + v + 5, 3*c + 4*v = 21. Suppose 4*j = c*j + 7. Let s(y) = 6*y + 4 - 11*y + j*y. Give s(3).
10
Let u(i) = 0 - 3*i + 7*i - 1 - i**3 - i. Suppose -x - 4 = o, 4*o + 2*x + 3*x + 20 = 0. Let c be 2 - (o + -3) - 3. Determine u(c).
-3
Suppose 0 = 6*f + 5 + 1. Let a be 2/2*42/f. Let g be 228/a + 3/7. Let w(b) = b**3 + 5*b**2 + 2. Determine w(g).
2
Let v(q) be the third derivative of -q**6/120 + q**5/15 + q**4/2 - 4*q**3/3 - 2*q**2 - 35. What is v(6)?
-8
Let o(t) = 4*t**3 - t**2 + 2*t - 1. Let q(j) = j**3 - 4*j**2 - 10*j + 9. Let h be q(6). Let s be ((-1)/(-2))/(h/42). Calculate o(s).
4
Let j(n) = -n**3 + 5*n**2 - 6*n + 5. Let c(b) = -3*b**3 + 16*b**2 - 18*b + 15. Let f(o) = -2*c(o) + 7*j(o). Calculate f(4).
-35
Suppose -3 - 1 = -2*a. Suppose a*v - 4*v = -44. Suppose 3*s + 7 = v. Let z(c) = c - 2. Determine z(s).
3
Suppose s - 4 = 2*s, -l - s = 0. Suppose 0 = -2*j + 8, -l*k + j + 4 + 0 = 0. Let n(p) = 2*p + 1. Determine n(k).
5
Let g be -1*(-3 - -2*1). Let x = 4 - g. Let t(d) = 7*d**2 - 5*d - 1. Let w(j) = 5*j**2 - 3*j - 1. Let k(v) = -2*t(v) + 3*w(v). Give k(x).
11
Suppose -15*c + 172 = 7. Let b(q) = -2*q + 26. What is b(c)?
4
Let j(v) = v**2 + 4*v - 6. Let u(h) = -6*h - 26. Let n be u(-6). Suppose n - 25 = 3*f. Calculate j(f).
-1
Suppose -4*j = -8 + 24. Let y(t) = -t**3 - t**2 + 12*t + 9. Let u be y(j). Let n(g) = g - 14. Determine n(u).
-5
Let y(w) = w + 1. Suppose 0 = 4*g - 0*g + 5*r + 83, 3*g + 2*r = -71. Let t = -29 - g. Calculate y(t).
-1
Let y(p) = -3*p - 18. Let g(z) = -9*z - 36. Let r(i) = -g(i) + 2*y(i). Suppose 0 = 2*n - 6, -2*u + 3*u = -2*n + 4. Determine r(u).
-6
Suppose -4*q - 16 + 48 = 0. Let j(n) = 3*n**2 - 28*n - 25. Let t(m) = 2*m**2 - 19*m - 17. Let c(o) = 5*j(o) - 7*t(o). What is c(q)?
2
Let m(f) be the second derivative of -1/3*f**4 - 1/2*f**2 + 1/6*f**3 + 0 - 10*f. Determine m(1).
-4
Let r(g) = 3*g**3 - 12*g**2 - g + 18. Let j be (-6 - -9)/((-3)/(-4)). Let t(p) = p**3 - 4*p**2 + 6. Let c(s) = j*r(s) - 11*t(s). Determine c(4).
-10
Let j(f) = -9*f - 187. Let m be j(-21). Let l(b) = 14*b + 12. Let t(r) = 0 + r - 1 + 2. Let p(d) = l(d) - 12*t(d). Determine p(m).
4
Suppose 231*l - 236*l = -5*x - 60, -4*x + 15 = 5*l. Let m(u) = -1 + 3*u + u - 5*u. Calculate m(x).
4
Suppose 3*n - 3*o - 39 = 0, -4*o = 2 + 2. Suppose -p + 3 = 4*y, -n = 4*y + p + 3*p. Let q(l) = 3*l**2 + 7*l - 8 + 0*l**y - 4*l**2. Give q(6).
-2
Let k(g) = 7*g**3 - 5*g**2 + 10*g + 8. Let q(u) = -19*u**3 + 17*u**2 - 29*u - 25. Let c(d) = 8*k(d) + 3*q(d). Calculate c(10).
19
Let g(b) = b**2 + 13*b - 7. Let r(j) = j - 1. Let x(u) = -g(u) + 5*r(u). Calculate x(-7).
9
Let t(j) be the first derivative of 2*j - 1/2*j**2 - 1/4*j**4 - 4/3*j**3 - 11. What is t(-3)?
-4
Let p(b) = -3*b**2 + 10*b - 10. Let q(g) = 16*g**2 - 50*g + 49. Let i(w) = -11*p(w) - 2*q(w). Let t = 16 + -8. What is i(t)?
-4
Let l(y) = -2*y**2 - 2*y + 1. Let w(q) = 5*q**2 - 9*q + 13. Let a(k) = 2*l(k) + w(k). Calculate a(11).
-7
Let f(k) = 89*k - 183*k - 1 + 87*k. Calculate f(-3).
20
Suppose 0 = h - 0*h - 1. Suppose -h = 3*g - 10. Let j(o) = -o + o**2 + o**g - 4*o**3 - 4*o**3 + 6*o**3. Determine j(0).
0
Let h = 174 + -169. Let r(l) = l - 3*l - 3*l + l**2 - 5. Give r(h).
-5
Suppose 0 = p - 2*p. Suppose p = -a + 3*g - 10, 0 = 3*g - 2*g - 5. Let v(s) = s**2 - 5*s + 15 + 0*s**2 - s - 8. What is v(a)?
2
Let i(x) = 3*x + 7. Let l be (3/(-9))/((-93)/45 + 2). Suppose 5*q = -l*a - 5, 4*a + q = -2*q - 9. Calculate i(a).
-11
Let i(a) = a**2 - 2*a - 4. Let j(b) = -19*b - 38. Let g be j(-2). What is 